{"id":12,"date":"2016-04-13T08:33:07","date_gmt":"2016-04-13T08:33:07","guid":{"rendered":"http:\/\/rainerboehm.de\/?page_id=12"},"modified":"2024-04-06T21:47:37","modified_gmt":"2024-04-06T21:47:37","slug":"biography","status":"publish","type":"page","link":"http:\/\/rainerboehm.de\/index.php\/biography\/","title":{"rendered":"Biography"},"content":{"rendered":"<h3>PREISE &amp; AUSZEICHNUNGEN:<\/h3>\n<ul>\n<li>HI Five Music Award mit dem Rainer B\u00f6hm Sextet (2024)<\/li>\n<li><span style=\"font-size: inherit;\">1. Preis beim BMW Welt Jazz Award mit dem Peter Gall Quintet (2021)<\/span><\/li>\n<li>Preis f\u00fcr den besten Solisten und 1. Preis mit dem Bastian J\u00fctte Quartet beim Neuen Deutschen Jazzpreis (2016)<\/li>\n<li>F\u00f6rderpreis der Internationalen Bodenseekonferenz (2015)<\/li>\n<li>Nominiert f\u00fcr den Echo Jazz (2015) in den Kategorien &#8220;Ensemble des Jahres national&#8221; und &#8220;Instrumentalist des Jahren national Piano&#8221;<\/li>\n<li>Nominiert f\u00fcr den SWR Jazzpreis (2015)<\/li>\n<li>Jazzpreis des Landes Baden-W\u00fcrttemberg (2010)<\/li>\n<li>Stipendium der Kulturstiftung Baden-W\u00fcrttemberg (2010)<\/li>\n<li>Stipendium des Deutschen Akademischen Austauschdienst (2008 und 2009) zur Unterst\u00fctzung des Studienaufenthaltes in New York City<\/li>\n<li>1. Preis beim internationalen Piano Solo Wettbewerb in Freiburg (2007)<\/li>\n<li>Preis f\u00fcr den besten Solisten beim internationalen Jazzwettbewerb in Getxo (ES) und in der Ensemblewertung (mit dem F. Fromm Sextet)\u00a0ebenfalls 1. Preis (2005)<\/li>\n<li>Vierteljahrespreis der Deutschen Schallplattenkritik mit der Band \u201eL 14, 16&#8243; (2003 f\u00fcr die CD &#8220;die Er\u00f6ffnung&#8221; und 2007 f\u00fcr die CD &#8220;Phlogistone&#8221;)<\/li>\n<li>\u201ePrize for the best Soloist\u201c beim \u201eJazz Hoeilaart International Belgium\u201c und in der Ensemblewertung ebenfalls 1. Preis mit der Band \u201eL 14, 16\u201c (2002)<\/li>\n<li>Jazzpreis der N\u00fcrnberger Nachrichten (2002)<\/li>\n<li>2. Preis beim internationalen Piano Solo Wettbewerb in Montreux (2001)<\/li>\n<li>2. Preis beim internationalen Piano Solo Wettbewerb in Montreux (2000)<\/li>\n<li>1. Preis beim Jazzwettbewerb in Ravensburg mit dem \u201eRainer B\u00f6hm Trio\u201c (1997)<\/li>\n<li>1. Preis beim Jazzwettbewerb in Sigmaringen mit dem \u201eRainer B\u00f6hm Trio\u201c (1995)<\/li>\n<\/ul>\n<h3>AUSBILDUNG:<\/h3>\n<ul>\n<li>2007\u20132009 Stipendiat des DAAD (Deutscher akademischer Austauschdienst) zur Unterst\u00fctzung des Auslandsstudium an der City University in New York City (abgeschlossen mit dem Master of Music und Bestnote).\u00a0Studium u.a. bei John Patitucci, Ari Hoenig, Gene Jackson und Michael Mossman<\/li>\n<li>2002-2004 Studium Konzertexamen im Fachbereich Jazz- und Popularmusik an der Hochschule f\u00fcr Musik und Tanz K\u00f6ln bei John Taylor im Hauptfach Jazz-Klavier<\/li>\n<li>1997-2001 Studium im Fachbereich Jazz- und Popularmusik an der Hochschule f\u00fcr Musik und Darstellende Kunst Mannheim bei Joerg Reiter im Hauptfach Jazz-Klavier. Diplompr\u00fcfung mit Bestnote abgeschlossen. Studium im Hauptfach \u201eArrangement Jazz\u201c bei J\u00fcrgen Friedrich<\/li>\n<\/ul>\n<h3>P\u00c4DAGOGIK:<\/h3>\n<ul>\n<li>Lehrstuhlvertretung am Jazzcampus Basel (FHNW) im Hauptfach Jazz Piano (FS 2024)<\/li>\n<li>Professur f\u00fcr Jazz Piano und Ensembleleitung an der Hochschule f\u00fcr Musik und darstellende Kunst in Mannheim (seit dem 1.10.2017)<\/li>\n<li>Professur f\u00fcr Jazz Piano und Ensembleleitung an der Hochschule f\u00fcr Musik N\u00fcrnberg (seit dem 1.11.2016)<\/li>\n<li>Lehrstuhlvertretung an der staatlichen Hochschule f\u00fcr Musik und darstellende Kunst in Mannheim (HS 2004\/05, HS 2008\/09, HS 2013\/14, HS 2015\/16 und FS 2016) im Hauptfach Jazzklavier und Ensembleleitung (f\u00fcr Professor Joerg Reiter)<\/li>\n<li>Lehrauftrag f\u00fcr Hauptfach Jazzklavier, Improvisation und Ensembleleitung an der Hochschule f\u00fcr Musik Mainz (FS 2005 bis FS 2015)<\/li>\n<li>Lehrauftrag f\u00fcr Ensembleleitung an der Hochschule f\u00fcr Musik und Darstellende Kunst Stuttgart (HS 2013\/14 und FS 2014)<\/li>\n<li>Lehrauftrag f\u00fcr Jazzklavier an der Hochschule f\u00fcr Musik und Darst. Kunst Mannheim (2005 \u2013 2009)<\/li>\n<li>Dozent bei diversen Workshops (u.a. an der Hochschule f\u00fcr Musik und Theater Leipzig, an der Hochschule der K\u00fcnste Bern, an der Hochschule f\u00fcr Musik (Jazzcampus) Basel, an der Hochschule f\u00fcr Musik W\u00fcrzburg, an der Jazz &#8211; und Rockschule Freiburg, an dem Konservatorium in Klagenfurt\u00a0und an dem Musikinstitut in Jakarta)<\/li>\n<\/ul>\n","protected":false},"excerpt":{"rendered":"<p>PREISE &amp; AUSZEICHNUNGEN: HI Five Music Award mit dem Rainer B\u00f6hm Sextet (2024) 1. Preis beim BMW Welt Jazz Award mit dem Peter Gall Quintet (2021) Preis f\u00fcr den besten Solisten und 1. Preis mit dem Bastian J\u00fctte Quartet beim Neuen Deutschen Jazzpreis (2016) F\u00f6rderpreis der Internationalen Bodenseekonferenz (2015) Nominiert[&#8230;]<\/p>\n","protected":false},"author":1,"featured_media":0,"parent":0,"menu_order":0,"comment_status":"closed","ping_status":"closed","template":"template-fullwidth.php","meta":[],"yoast_head":"<!-- This site is optimized with the Yoast SEO plugin v19.8 - https:\/\/yoast.com\/wordpress\/plugins\/seo\/ -->\n<title>Biography - RAINER BOEHM<\/title>\n<meta name=\"robots\" content=\"index, follow, max-snippet:-1, max-image-preview:large, max-video-preview:-1\" \/>\n<link rel=\"canonical\" href=\"http:\/\/rainerboehm.de\/index.php\/biography\/\" \/>\n<meta property=\"og:locale\" content=\"en_US\" \/>\n<meta property=\"og:type\" content=\"article\" \/>\n<meta property=\"og:title\" content=\"Biography - RAINER BOEHM\" \/>\n<meta property=\"og:description\" content=\"PREISE &amp; AUSZEICHNUNGEN: HI Five Music Award mit dem Rainer B\u00f6hm Sextet (2024) 1. Preis beim BMW Welt Jazz Award mit dem Peter Gall Quintet (2021) Preis f\u00fcr den besten Solisten und 1. Preis mit dem Bastian J\u00fctte Quartet beim Neuen Deutschen Jazzpreis (2016) F\u00f6rderpreis der Internationalen Bodenseekonferenz (2015) Nominiert[...]\" \/>\n<meta property=\"og:url\" content=\"http:\/\/rainerboehm.de\/index.php\/biography\/\" \/>\n<meta property=\"og:site_name\" content=\"RAINER BOEHM\" \/>\n<meta property=\"article:modified_time\" content=\"2024-04-06T21:47:37+00:00\" \/>\n<meta property=\"og:image\" content=\"http:\/\/rainerboehm.de\/wp-content\/uploads\/2016\/04\/RainerBoehm%c2%a9JoachimGern_1755.jpg\" \/>\n<meta name=\"twitter:card\" content=\"summary_large_image\" \/>\n<meta name=\"twitter:label1\" content=\"Est. reading time\" \/>\n\t<meta name=\"twitter:data1\" content=\"3 minutes\" \/>\n<script type=\"application\/ld+json\" class=\"yoast-schema-graph\">{\"@context\":\"https:\/\/schema.org\",\"@graph\":[{\"@type\":\"WebPage\",\"@id\":\"http:\/\/rainerboehm.de\/index.php\/biography\/\",\"url\":\"http:\/\/rainerboehm.de\/index.php\/biography\/\",\"name\":\"Biography - RAINER BOEHM\",\"isPartOf\":{\"@id\":\"http:\/\/rainerboehm.de\/#website\"},\"datePublished\":\"2016-04-13T08:33:07+00:00\",\"dateModified\":\"2024-04-06T21:47:37+00:00\",\"breadcrumb\":{\"@id\":\"http:\/\/rainerboehm.de\/index.php\/biography\/#breadcrumb\"},\"inLanguage\":\"en-US\",\"potentialAction\":[{\"@type\":\"ReadAction\",\"target\":[\"http:\/\/rainerboehm.de\/index.php\/biography\/\"]}]},{\"@type\":\"BreadcrumbList\",\"@id\":\"http:\/\/rainerboehm.de\/index.php\/biography\/#breadcrumb\",\"itemListElement\":[{\"@type\":\"ListItem\",\"position\":1,\"name\":\"Home\",\"item\":\"http:\/\/rainerboehm.de\/\"},{\"@type\":\"ListItem\",\"position\":2,\"name\":\"Biography\"}]},{\"@type\":\"WebSite\",\"@id\":\"http:\/\/rainerboehm.de\/#website\",\"url\":\"http:\/\/rainerboehm.de\/\",\"name\":\"RAINER BOEHM\",\"description\":\"JAZZ PIANO GERMANY DEUTSCHLAND\",\"potentialAction\":[{\"@type\":\"SearchAction\",\"target\":{\"@type\":\"EntryPoint\",\"urlTemplate\":\"http:\/\/rainerboehm.de\/?s={search_term_string}\"},\"query-input\":\"required name=search_term_string\"}],\"inLanguage\":\"en-US\"}]}<\/script>\n<!-- \/ Yoast SEO plugin. -->","yoast_head_json":{"title":"Biography - RAINER BOEHM","robots":{"index":"index","follow":"follow","max-snippet":"max-snippet:-1","max-image-preview":"max-image-preview:large","max-video-preview":"max-video-preview:-1"},"canonical":"http:\/\/rainerboehm.de\/index.php\/biography\/","og_locale":"en_US","og_type":"article","og_title":"Biography - RAINER BOEHM","og_description":"PREISE &amp; AUSZEICHNUNGEN: HI Five Music Award mit dem Rainer B\u00f6hm Sextet (2024) 1. Preis beim BMW Welt Jazz Award mit dem Peter Gall Quintet (2021) Preis f\u00fcr den besten Solisten und 1. Preis mit dem Bastian J\u00fctte Quartet beim Neuen Deutschen Jazzpreis (2016) F\u00f6rderpreis der Internationalen Bodenseekonferenz (2015) Nominiert[...]","og_url":"http:\/\/rainerboehm.de\/index.php\/biography\/","og_site_name":"RAINER BOEHM","article_modified_time":"2024-04-06T21:47:37+00:00","og_image":[{"url":"http:\/\/rainerboehm.de\/wp-content\/uploads\/2016\/04\/RainerBoehm%c2%a9JoachimGern_1755.jpg"}],"twitter_card":"summary_large_image","twitter_misc":{"Est. reading time":"3 minutes"},"schema":{"@context":"https:\/\/schema.org","@graph":[{"@type":"WebPage","@id":"http:\/\/rainerboehm.de\/index.php\/biography\/","url":"http:\/\/rainerboehm.de\/index.php\/biography\/","name":"Biography - RAINER BOEHM","isPartOf":{"@id":"http:\/\/rainerboehm.de\/#website"},"datePublished":"2016-04-13T08:33:07+00:00","dateModified":"2024-04-06T21:47:37+00:00","breadcrumb":{"@id":"http:\/\/rainerboehm.de\/index.php\/biography\/#breadcrumb"},"inLanguage":"en-US","potentialAction":[{"@type":"ReadAction","target":["http:\/\/rainerboehm.de\/index.php\/biography\/"]}]},{"@type":"BreadcrumbList","@id":"http:\/\/rainerboehm.de\/index.php\/biography\/#breadcrumb","itemListElement":[{"@type":"ListItem","position":1,"name":"Home","item":"http:\/\/rainerboehm.de\/"},{"@type":"ListItem","position":2,"name":"Biography"}]},{"@type":"WebSite","@id":"http:\/\/rainerboehm.de\/#website","url":"http:\/\/rainerboehm.de\/","name":"RAINER BOEHM","description":"JAZZ PIANO GERMANY DEUTSCHLAND","potentialAction":[{"@type":"SearchAction","target":{"@type":"EntryPoint","urlTemplate":"http:\/\/rainerboehm.de\/?s={search_term_string}"},"query-input":"required name=search_term_string"}],"inLanguage":"en-US"}]}},"_links":{"self":[{"href":"http:\/\/rainerboehm.de\/index.php\/wp-json\/wp\/v2\/pages\/12"}],"collection":[{"href":"http:\/\/rainerboehm.de\/index.php\/wp-json\/wp\/v2\/pages"}],"about":[{"href":"http:\/\/rainerboehm.de\/index.php\/wp-json\/wp\/v2\/types\/page"}],"author":[{"embeddable":true,"href":"http:\/\/rainerboehm.de\/index.php\/wp-json\/wp\/v2\/users\/1"}],"replies":[{"embeddable":true,"href":"http:\/\/rainerboehm.de\/index.php\/wp-json\/wp\/v2\/comments?post=12"}],"version-history":[{"count":29,"href":"http:\/\/rainerboehm.de\/index.php\/wp-json\/wp\/v2\/pages\/12\/revisions"}],"predecessor-version":[{"id":601,"href":"http:\/\/rainerboehm.de\/index.php\/wp-json\/wp\/v2\/pages\/12\/revisions\/601"}],"wp:attachment":[{"href":"http:\/\/rainerboehm.de\/index.php\/wp-json\/wp\/v2\/media?parent=12"}],"curies":[{"name":"wp","href":"https:\/\/api.w.org\/{rel}","templated":true}]}}

<h3>PREISE &amp; AUSZEICHNUNGEN:</h3>
<ul>
<li>HI Five Music Award mit dem Rainer Böhm Sextet (2024)</li>
<li><span style="font-size: inherit;">1. Preis beim BMW Welt Jazz Award mit dem Peter Gall Quintet (2021)</span></li>
<li>Preis für den besten Solisten und 1. Preis mit dem Bastian Jütte Quartet beim Neuen Deutschen Jazzpreis (2016)</li>
<li>Förderpreis der Internationalen Bodenseekonferenz (2015)</li>
<li>Nominiert für den Echo Jazz (2015) in den Kategorien &#8220;Ensemble des Jahres national&#8221; und &#8220;Instrumentalist des Jahren national Piano&#8221;</li>
<li>Nominiert für den SWR Jazzpreis (2015)</li>
<li>Jazzpreis des Landes Baden-Württemberg (2010)</li>
<li>Stipendium der Kulturstiftung Baden-Württemberg (2010)</li>
<li>Stipendium des Deutschen Akademischen Austauschdienst (2008 und 2009) zur Unterstützung des Studienaufenthaltes in New York City</li>
<li>1. Preis beim internationalen Piano Solo Wettbewerb in Freiburg (2007)</li>
<li>Preis für den besten Solisten beim internationalen Jazzwettbewerb in Getxo (ES) und in der Ensemblewertung (mit dem F. Fromm Sextet) ebenfalls 1. Preis (2005)</li>
<li>Vierteljahrespreis der Deutschen Schallplattenkritik mit der Band „L 14, 16&#8243; (2003 für die CD &#8220;die Eröffnung&#8221; und 2007 für die CD &#8220;Phlogistone&#8221;)</li>
<li>„Prize for the best Soloist“ beim „Jazz Hoeilaart International Belgium“ und in der Ensemblewertung ebenfalls 1. Preis mit der Band „L 14, 16“ (2002)</li>
<li>Jazzpreis der Nürnberger Nachrichten (2002)</li>
<li>2. Preis beim internationalen Piano Solo Wettbewerb in Montreux (2001)</li>
<li>2. Preis beim internationalen Piano Solo Wettbewerb in Montreux (2000)</li>
<li>1. Preis beim Jazzwettbewerb in Ravensburg mit dem „Rainer Böhm Trio“ (1997)</li>
<li>1. Preis beim Jazzwettbewerb in Sigmaringen mit dem „Rainer Böhm Trio“ (1995)</li>
</ul>
<h3>AUSBILDUNG:</h3>
<ul>
<li>2007–2009 Stipendiat des DAAD (Deutscher akademischer Austauschdienst) zur Unterstützung des Auslandsstudium an der City University in New York City (abgeschlossen mit dem Master of Music und Bestnote). Studium u.a. bei John Patitucci, Ari Hoenig, Gene Jackson und Michael Mossman</li>
<li>2002-2004 Studium Konzertexamen im Fachbereich Jazz- und Popularmusik an der Hochschule für Musik und Tanz Köln bei John Taylor im Hauptfach Jazz-Klavier</li>
<li>1997-2001 Studium im Fachbereich Jazz- und Popularmusik an der Hochschule für Musik und Darstellende Kunst Mannheim bei Joerg Reiter im Hauptfach Jazz-Klavier. Diplomprüfung mit Bestnote abgeschlossen. Studium im Hauptfach „Arrangement Jazz“ bei Jürgen Friedrich</li>
</ul>
<h3>PÄDAGOGIK:</h3>
<ul>
<li>Lehrstuhlvertretung am Jazzcampus Basel (FHNW) im Hauptfach Jazz Piano (FS 2024)</li>
<li>Professur für Jazz Piano und Ensembleleitung an der Hochschule für Musik und darstellende Kunst in Mannheim (seit dem 1.10.2017)</li>
<li>Professur für Jazz Piano und Ensembleleitung an der Hochschule für Musik Nürnberg (seit dem 1.11.2016)</li>
<li>Lehrstuhlvertretung an der staatlichen Hochschule für Musik und darstellende Kunst in Mannheim (HS 2004/05, HS 2008/09, HS 2013/14, HS 2015/16 und FS 2016) im Hauptfach Jazzklavier und Ensembleleitung (für Professor Joerg Reiter)</li>
<li>Lehrauftrag für Hauptfach Jazzklavier, Improvisation und Ensembleleitung an der Hochschule für Musik Mainz (FS 2005 bis FS 2015)</li>
<li>Lehrauftrag für Ensembleleitung an der Hochschule für Musik und Darstellende Kunst Stuttgart (HS 2013/14 und FS 2014)</li>
<li>Lehrauftrag für Jazzklavier an der Hochschule für Musik und Darst. Kunst Mannheim (2005 – 2009)</li>
<li>Dozent bei diversen Workshops (u.a. an der Hochschule für Musik und Theater Leipzig, an der Hochschule der Künste Bern, an der Hochschule für Musik (Jazzcampus) Basel, an der Hochschule für Musik Würzburg, an der Jazz &#8211; und Rockschule Freiburg, an dem Konservatorium in Klagenfurt und an dem Musikinstitut in Jakarta)</li>
</ul>

<p>PREISE &amp; AUSZEICHNUNGEN: HI Five Music Award mit dem Rainer Böhm Sextet (2024) 1. Preis beim BMW Welt Jazz Award mit dem Peter Gall Quintet (2021) Preis für den besten Solisten und 1. Preis mit dem Bastian Jütte Quartet beim Neuen Deutschen Jazzpreis (2016) Förderpreis der Internationalen Bodenseekonferenz (2015) Nominiert[&#8230;]</p>

<!-- This site is optimized with the Yoast SEO plugin v19.8 - https://yoast.com/wordpress/plugins/seo/ -->
<title>Biography - RAINER BOEHM</title>
<meta name="robots" content="index, follow, max-snippet:-1, max-image-preview:large, max-video-preview:-1" />
<link rel="canonical" href="http://rainerboehm.de/index.php/biography/" />
<meta property="og:locale" content="en_US" />
<meta property="og:type" content="article" />
<meta property="og:title" content="Biography - RAINER BOEHM" />
<meta property="og:description" content="PREISE &amp; AUSZEICHNUNGEN: HI Five Music Award mit dem Rainer Böhm Sextet (2024) 1. Preis beim BMW Welt Jazz Award mit dem Peter Gall Quintet (2021) Preis für den besten Solisten und 1. Preis mit dem Bastian Jütte Quartet beim Neuen Deutschen Jazzpreis (2016) Förderpreis der Internationalen Bodenseekonferenz (2015) Nominiert[...]" />
<meta property="og:url" content="http://rainerboehm.de/index.php/biography/" />
<meta property="og:site_name" content="RAINER BOEHM" />
<meta property="article:modified_time" content="2024-04-06T21:47:37+00:00" />
<meta property="og:image" content="http://rainerboehm.de/wp-content/uploads/2016/04/RainerBoehm%c2%a9JoachimGern_1755.jpg" />
<meta name="twitter:card" content="summary_large_image" />
<meta name="twitter:label1" content="Est. reading time" />
	<meta name="twitter:data1" content="3 minutes" />
<script type="application/ld+json" class="yoast-schema-graph">{"@context":"https://schema.org","@graph":[{"@type":"WebPage","@id":"http://rainerboehm.de/index.php/biography/","url":"http://rainerboehm.de/index.php/biography/","name":"Biography - RAINER BOEHM","isPartOf":{"@id":"http://rainerboehm.de/#website"},"datePublished":"2016-04-13T08:33:07+00:00","dateModified":"2024-04-06T21:47:37+00:00","breadcrumb":{"@id":"http://rainerboehm.de/index.php/biography/#breadcrumb"},"inLanguage":"en-US","potentialAction":[{"@type":"ReadAction","target":["http://rainerboehm.de/index.php/biography/"]}]},{"@type":"BreadcrumbList","@id":"http://rainerboehm.de/index.php/biography/#breadcrumb","itemListElement":[{"@type":"ListItem","position":1,"name":"Home","item":"http://rainerboehm.de/"},{"@type":"ListItem","position":2,"name":"Biography"}]},{"@type":"WebSite","@id":"http://rainerboehm.de/#website","url":"http://rainerboehm.de/","name":"RAINER BOEHM","description":"JAZZ PIANO GERMANY DEUTSCHLAND","potentialAction":[{"@type":"SearchAction","target":{"@type":"EntryPoint","urlTemplate":"http://rainerboehm.de/?s={search_term_string}"},"query-input":"required name=search_term_string"}],"inLanguage":"en-US"}]}</script>
<!-- / Yoast SEO plugin. -->

PREISE &amp; AUSZEICHNUNGEN: HI Five Music Award mit dem Rainer Böhm Sextet (2024) 1. Preis beim BMW Welt Jazz Award mit dem Peter Gall Quintet (2021) Preis für den besten Solisten und 1. Preis mit dem Bastian Jütte Quartet beim Neuen Deutschen Jazzpreis (2016) Förderpreis der Internationalen Bodenseekonferenz (2015) Nominiert[...]
